44 - -8bb?
51710
In base 10, what is 62202 - -31?
62233
In base 2, what is 100100110101000011110010 - -111?
100100110101000011111001
In base 16, what is 6f - 148c8?
-14859
In base 7, what is 412515610 - 50?
412515530
In base 5, what is -44022404034 + -30?
-44022404114
In base 5, what is 3431102000 + 3?
3431102003
In base 9, what is 3 + -4484126?
-4484123
In base 2, what is -101100011101001110010000 - -11?
-101100011101001110001101
In base 7, what is -246 + -246104?
-246353
In base 14, what is -278137 + -4?
-27813b
In base 15, what is -13a5da - -51?
-13a589
In base 8, what is -4 - -1767545?
1767541
In base 4, what is -1003020001 + -333?
-1003021000
In base 6, what is -1330540404 + -1?
-1330540405
In base 13, what is 12 - -264669c?
26466b1
In base 3, what is 11 + 2111122121022?
2111122121110
In base 10, what is 50 - 3757499?
-3757449
In base 8, what is 3237712 + -73?
3237617
In base 16, what is -293bb9c - 0?
-293bb9c
In base 9, what is -5 + 1125053?
1125047
In base 4, what is -21 - -1323300100000?
1323300033313
In base 16, what is -2b + 7117?
70ec
In base 4, what is -2222122032 - -1003?
-2222121023
In base 16, what is -220 - -68e2?
66c2
In base 3, what is -121110 + -1101122111212?
-1101200010022
In base 14, what is 10 + 1a8b178?
1a8b188
In base 4, what is 1031120 + -3120?
1022000
In base 8, what is -12250372 + -6?
-12250400
In base 8, what is -16 + -2451715?
-2451733
In base 9, what is -3840 - 14104?
-18044
In base 9, what is 5 + 1232614?
1232620
In base 14, what is 1bab9643 + -1?
1bab9642
In base 10, what is 3032 - 5026?
-1994
In base 5, what is 1240 + -102440410?
-102434120
In base 6, what is 353 - -252410?
253203
In base 10, what is 23817786 - 4?
23817782
In base 8, what is -22331 + -422?
-22753
In base 7, what is -41535212 - 4?
-41535216
In base 16, what is -2 - -28d4ea?
28d4e8
In base 14, what is -56c - 23aa6?
-24234
In base 10, what is 6967002 + -1?
6967001
In base 5, what is -24321 + 11203210?
11123334
In base 14, what is 759 - -2085?
2800
In base 13, what is 2a75 + -242c?
646
In base 3, what is -1100012000221011 + -10?
-1100012000221021
In base 15, what is -20e65052 - 3?
-20e65055
In base 9, what is -45484878 - 4?
-45484883
In base 5, what is -33 - 1021232300?
-1021232333
In base 5, what is 24301200302 + -20?
24301200232
In base 2, what is -1010010100001 + 11110110101001?
10100100001000
In base 3, what is -2 - -12120220201110011?
12120220201110002
In base 12, what is -1b2148 + -9?
-1b2155
In base 14, what is -48a8a22 + 2?
-48a8a20
In base 6, what is -10 + -1033542141?
-1033542151
In base 10, what is 361223763 - 3?
361223760
In base 11, what is 4326077 + 13?
432608a
In base 6, what is -3 + 1331013350?
1331013343
In base 2, what is 11000110110 + -11000011001000010?
-11000000000001100
In base 9, what is -1541 - -10252?
7611
In base 12, what is 4345 - -18019?
20362
In base 2, what is 101 - -10000111011101000011010010?
10000111011101000011010111
In base 5, what is -11 - 4013134332?
-4013134343
In base 13, what is -1458220 + 0?
-1458220
In base 10, what is -4 + 3106223?
3106219
In base 10, what is 37666774 - 18?
37666756
In base 11, what is 57 + -41778?
-41721
In base 16, what is -105b0054 - -4?
-105b0050
In base 8, what is -4 + -1035712?
-1035716
In base 4, what is 123 + -200200122303?
-200200122120
In base 10, what is -2 - 31904224?
-31904226
In base 11, what is 3190 + 52a?
370a
In base 10, what is -1 - -810201?
810200
In base 2, what is -1010110000111 - 1010110001101?
-10101100010100
In base 10, what is 1768720 - 8?
1768712
In base 2, what is 101001110111111111 + -1000011?
101001110110111100
In base 2, what is -1110111011111 - -11101110110001?
1110111010010
In base 12, what is -135437 - -b8?
-13533b
In base 15, what is 0 + -4b0d267?
-4b0d267
In base 3, what is -202100200111001 + -1?
-202100200111002
In base 3, what is 11221 - 1121111220212?
-1121111201221
In base 7, what is -402144 + -36230?
-441404
In base 12, what is -22b329 + 12?
-22b317
In base 9, what is -31133750 + 2?
-31133747
In base 12, what is 3 - -5077331?
5077334
In base 16, what is -e - -150520e?
1505200
In base 15, what is -16b - -278be?
27753
In base 14, what is -baa19ac + 4?
-baa19a8
In base 12, what is 8 + -269112a?
-2691122
In base 10, what is -13291 + 374?
-12917
In base 10, what is -8531 + 5714?
-2817
In base 7, what is -1403 + 25140?
23434
In base 5, what is 133 + 2013000124?
2013000312
In base 13, what is 1117b8 - -20?
111808
In base 3, what is 10 + -211012002012212220?
-211012002012212210
In base 8, what is 16664076 + 26?
16664124
In base 5, what is 43000442223 + 1?
43000442224
In base 2, what is -110010000 + 1111001101010011?
1111000111000011
In base 2, what is 1011100011 - -100110110110?
110010011001
In base 5, what is 3003302201 + 3?
3003302204
In base 14, what is -23 + -1197d6?
-119819
In base 7, what is -112 - -5663101?
5662656
In base 16, what is -1 + e9f3b9?
e9f3b8
In base 12, what is b567 + -87a0?
2987
In base 5, what is -1342240434 + 34?
-1342240400
In base 5, what is 10 + -13344320234?
-13344320224
In base 4, what is 201010003121 + -132?
201010002323
In base 4, what is 12 + 11000322203202?
11000322203220
In base 9, what is 23 + -74302?
-74268
In base 13, what is 18a339a + 1?
18a339b
In base 16, what is 1 + -b7f62b?
-b7f62a
In base 14, what is 204d4d + -7?
204d46
In base 13, what is 267 + -1210a?
-11b73
In base 6, what is 4024 + -40105111?
-40101043
In base 12, what is -28b183a5 - 2?
-28b183a7
In base 16, what is 57757274 - -4?
57757278
In base 9, what is -3683171 - 5?
-3683176
In base 2, what is -101 + 11101101101010100110?
11101101101010100001
In base 2, what is -11011 - 1000110101011010111?
-1000110101011110010
In base 8, what is -31741772 - -1?
-31741771
In base 2, what is 1 - -1000110001101101011101011?
1000110001101101011101100
In base 7, what is 121 - -1653151?
1653302
In base 16, what is 521b - -a5?
52c0
In base 7, what is -141 - 2360256?
-2360430
In base 3, what is 210002221121 - -101?
210002221222
In base 5, what is 4000043010 + -3?
4000043002
In base 6, what is -2533244 + 205?
-2533035
In base 16, what is 0 + -50f659?
-50f659
In base 8, what is 12145740 - -5?
12145745
In base 2, what is 101000000001 - 1101101001001100?
-1101000001001011
In base 2, what is 11100 + -101000011101011100010?
-101000011101011000110
In base 15, what is 3a0e4 - -40?
3a134
In base 16, what is 32e6a + 6?
32e70
In base 2, what is -10000110001100000100 - -1011011000?
-10000110000000101100
In base 15, what is -3 + -b50d2e?
-b50d32
In base 10, what is -55482550 + -2?
-55482552
In base 6, what is -12421234403 + -2?
-12421234405
In base 13, what is -6423 - 29b3?
-9106
In base 2, what is -100011110000011011 + -10000101011?
-100100000001000110
In base 5, what is -11 + 10321304?
10321243
In base 3, what is 11120 + 110021100201?
110021112021
In base 13, what is b15aa1 - 13?
b15a8b
In base 10, what is -5 + -36460699?
-36460704
In base 15, what is -6b811a - 29?
-6b8144
In base 14, what is 631c + -12a?
61d2
In base 2, what is 111010010000100101010 + 101?
111010010000100101111
In base 4, what is 33122301 + 213200?
100002101
In base 14, what is 6945 - -790?
72d5
In base 12, what is 22b9119 - 11?
22b9108
In base 4, what is 211 - -21221?
22032
In base 11, what is 5 + -245916?
-245911
In base 15, what is -761a + 1974?
-5b96
In base 6, what is -122452503 + -11?
-122452514
In base 7, what is -6106256 - 120?
-6106406
In base 7, what is 2306 + 3643026?
3645335
In base 9, what is 215030 - -18?
215048
In base 14, what is 69 + 62d2?
635b
In base 4, what is -1322131 - 331?
-1323122
In base 3, what is 121111221222122 - -22?
121111221222221
In base 10, what is -119130587 + -5?
-119130592
In base 2, what is 11011001 - 11011101101000000001111?
-11011101100111100110110
In base 13, what is -5 + -3b2bbcc?
-3b2bc04
In base 6, what is -3 - 23315043?
-23315050
In base 12, what is -6 - -103381?
103377
In base 12, what is -17 - -9a4a9?
9a492
In base 10, what is -295404 + 8?
-295396
In base 12, what is -28388237 - -4?
-28388233
In base 9, what is -4088705 + 1?
-4088704
In base 3, what is 1012222122121212 + 12?
1012222122122001
In base 12, what is 46 - -8581b2?
858238
In base 16, what is 132a - -242e9?
25613
In base 7, what is -2525425 + 112?
-2525313
In base 14, what is 10 + -1034544?
-1034534
In base 2, wha